- l. Let a(c) = 3*i(c) - v(c). Let y be a(-9). Suppose -p + y + 2 = 0, 2*x - 3*p = 1165. Is x composite?
False
Suppose -4*s + 24485 + 76075 = 0. Is s/108 - (-4)/18 composite?
False
Let u = 5673 - -2726. Is u prime?
False
Suppose 3*r - 3 - 15 = 0. Suppose 2*i + 3*a - r*a = 265, -666 = -5*i + 4*a. Suppose k - i = -k. Is k composite?
False
Let j be 56/(-7) - 4/(-2). Let p be ((-3)/(-2))/((-3)/j). Suppose p*d + 12 = 123. Is d a composite number?
False
Let o(q) = -3*q + 3. Let b be o(-2). Let d(m) = 6*m**2 - 7*m - 10. Is d(b) prime?
False
Suppose -5*g + 6424 - 669 = 0. Suppose 8*r = 7*r + g. Is r composite?
False
Suppose -t - r + 2*r = -7, 4*r + 10 = -5*t. Suppose -t*l + l + 126 = 0. Let m = -87 + l. Is m composite?
True
Let s = -190 - -523. Is -2 + -1*s*-1 composite?
False
Let v(a) be the third derivative of 0*a + 0 - 7/6*a**3 - 17/24*a**4 + 3*a**2. Is v(-10) a prime number?
True
Let n(t) = 7*t**2 + 7*t - 1. Let a be n(-6). Suppose -14*v - 428 = 888. Let f = a + v. Is f prime?
False
Let t = -4397 + 7662. Is t composite?
True
Suppose -2*o = -3*x + 3087, 5*x - 2*o = -7*o + 5120. Is x a composite number?
True
Let b be (-6)/24 - 9/(-4). Let r(x) = -75*x**3 + 2*x**2 - x + 2. Let s(n) = -75*n**3 + 3*n**2 - 2*n + 3. Let a(z) = b*s(z) - 3*r(z). Is a(1) composite?
True
Let s = -3082 - -8463. Is s prime?
True
Let d = 82844 + -49387. Is d a composite number?
False
Suppose -5*p + 3*a + 71 = -18, 0 = -5*a - 15. Let c(j) = 25*j - 21. Is c(p) prime?
True
Suppose -3 = l + 5*k, -2*l - k + 5 = l. Suppose -5*u = -l*h + 270, -2*h + 83 = -4*u - 133. Let p = 35 - u. Is p composite?
False
Is 6*(-7 - 6395/(-6)) a composite number?
False
Suppose -2*y - 2*y + 71130 = 2*n, -2*y - 177849 = -5*n. Is n prime?
True
Let v(d) = -5329*d + 267. Is v(-8) prime?
True
Let i(f) = -f**3 - 5*f**2 + 7. Let z be -1 + -1 + 4*-1. Let j be i(z). Suppose -5*t + 442 = -j. Is t a composite number?
False
Suppose -25*c + 68987 = -25038. Is c a composite number?
False
Suppose 2*d = -4*v + 94014, 5*d = 7*d + 2*v - 94004. Is d a prime number?
True
Let h be 5/25*0 - -892. Suppose -2*s = -2162 + h. Is s composite?
True
Let r be 0/(-1)*(2 - 1) - -12. Is 4/r - 30/9 - -1468 a composite number?
True
Let v be 58/12 - (-1 - 15/(-18)). Suppose -4*s - 3*a = -4*a - 1347, -v*a = -4*s + 1343. Is s composite?
False
Let r(g) = 18*g**2 + 3*g - 5. Let b be r(5). Let f = -247 - 68. Let p = b + f. Is p prime?
False
Let w be (-5758)/(-14) + (-6)/21. Suppose 32*n - 29*n - 6 = 0. Suppose -n*k = 153 - w. Is k a composite number?
True
Suppose 16*k = 12*k + 16. Suppose k*i - 4930 = -6*i. Is i a composite number?
True
Let m = 24511 + -2892. Is m prime?
False
Let i(d) = -31*d**3 + 5*d**2 + d - 8. Suppose b = -q - 0 + 2, 0 = -3*q + 3*b - 24. Is i(q) a prime number?
False
Let f be 10/24*3*(13 - 5). Is 15685/f*-6*(-2)/6 prime?
True
Suppose 4*q - 1100 = 15448. Suppose -3*u = -5*z - q, 2*u + 5*z - 2*z - 2758 = 0. Is u prime?
False
Suppose -2*f + 0*f = -8. Let h be 8/12*(-6)/f. Is (92 + h + 0)/1 composite?
True
Let u be 2/(-4) - 8965/(-22). Let l = u - -1224. Is l a composite number?
True
Let t = 52 + -49. Suppose t*j - 596 = 589. Is j a prime number?
False
Let l(u) = -39*u**3 + u**2 - u + 1. Let d be ((-39)/6)/((-2)/4). Let z = -15 + d. Is l(z) a prime number?
False
Let m(f) = 6*f**2 - f - 1. Let y be ((-2)/3)/(6/9). Let z be m(y). Is 3/(-2)*(-1948)/z prime?
True
Suppose 4*x = 3*m + 64 + 43, -2*x - 48 = 2*m. Let i = 21 + m. Is -1*(-2)/(-2) - i a prime number?
True
Let x = 38 + -38. Suppose x = 9*g - 3*g + 66. Let l = 138 + g. Is l composite?
False
Is (-1 - (-3 + 1)) + -5 + 8457 a prime number?
False
Suppose 0 = 4*c - 7*c + 3168. Suppose s = 2*d + 5*s - c, 10 = -5*s. Suppose 4*u - d - 352 = 0. Is u a prime number?
False
Let i(s) = -s**3 + 2*s**2 + s + 487. Let x be (-6 + -1 + -1)*-2. Let o be 2/8 - 4/x. Is i(o) prime?
True
Suppose -51*i - 144978 = -57*i. Is i prime?
False
Suppose -m = 2*m + b + 8, -3*m + 2 = -4*b. Is 1/m - (-503)/2 a prime number?
True
Suppose -11*j = -16*j + 10. Suppose -3*o + 2084 = -5*a, -2*o - 3*a - j*a = -1431. Is o a prime number?
False
Suppose -5*n + 2*m + 10 = 0, 3*n + 18 = 5*n + 2*m. Let b(k) be the third derivative of k**5/30 + k**4/8 + k**3/2 - k**2. Is b(n) prime?
True
Let s(j) = -23*j**3 + 2*j**2 - 2*j + 1. Let c be s(1). Let u be (33/c)/(2/(-764)). Suppose 0*i + 3*i - u = 0. Is i prime?
True
Let j(w) = 13155*w**2 + 11*w - 9. Is j(1) a composite number?
True
Let p = 168 + -164. Suppose -3*d = -p*c - 53, -2*d - c - 16 = -3*d. Is d a prime number?
True
Let o be ((-10)/4)/(3/(-138)). Suppose 0 = 2*v + 5*r - o, -3*v + 5*r = -0*r - 160. Is v composite?
True
Suppose 0 = -4*r + 7*r - 12. Suppose 223 = -r*j - 3*w, -5*w - 159 = 3*j - 0*w. Let z = j + 161. Is z a prime number?
True
Suppose 18*i - 14*i - 10628 = 0. Is i a composite number?
False
Let v = 71 + -63. Suppose -3*p + v*p - 7405 = 0. Is p a prime number?
True
Is (-10)/(320/(-79944))*16/12 a prime number?
True
Let s = -23 + 24. Is 20 + -5 + s*4 a prime number?
True
Suppose -12*c - 39107 = -16*c + 3*h, 29329 = 3*c - 2*h. Is c composite?
True
Let t(b) be the third derivative of 59*b**5/60 + b**4/6 + b**3/3 + 6*b**2. Is t(-3) composite?
False
Let d(k) = 139*k**2 + 2*k + 104. Is d(11) a composite number?
True
Suppose 0 = 2*p - 10 - 2. Is (-1)/(((-10)/(-27015))/((-4)/p)) a composite number?
False
Let n be (-36)/(-15)*100/(-15). Let p = -27 - n. Is (-11)/(p/820) + 1 a composite number?
False
Suppose -2*p + 105075 = z, -z + 105087 = 2*p + 3*p. Is z prime?
False
Let y(g) = -g**3 + 16*g**2 + 18*g - 17. Let f be y(17). Suppose -2*x + 183 = c, f*x = x - 2*c - 79. Is x a prime number?
True
Is 49/(7 + -14) + 4953 prime?
False
Suppose -185184 - 312320 = -32*j. Is j prime?
False
Let p(x) = 304*x + 45. Is p(11) a prime number?
True
Suppose -207645 = -31*t + 655612. Is t a composite number?
False
Let b(u) = 1258*u**3 + 2*u - 1. Suppose -5*j = -2*o + 5, 1 + 3 = -4*j. Suppose o = -5*r + 2*r + 3. Is b(r) a composite number?
False
Suppose 2*g - 2*l - 2 = 0, l + 12 = 4*g - l. Suppose 0 = 4*b - 3 - g. Suppose -25 = -5*c, u - b*u + 2*c + 427 = 0. Is u a composite number?
True
Let x(n) = -2*n**3 - 7*n**2 + 8*n + 10. Let v be x(-6). Let s = -16 - -65. Let a = s + v. Is a a composite number?
False
Let j = 14 + -8. Let k = j + 3. Is 93/k + (-6)/(-9) a prime number?
True
Let o(z) = -3*z**2 - 24*z - 4. Let h be o(-8). Is h - (-1 - (1364 + 0)) a composite number?
False
Let z = 799 - 462. Is z a prime number?
True
Suppose -3*d + 56146 = -5*y - 82448, -5*y - 184792 = -4*d. Is d prime?
False
Let t(l) = -2*l - 13. Let p be t(-6). Is (1 - (1480 + -2))/p composite?
True
Suppose 4*v - 5885 = a + 4*a, -v + 1465 = 5*a. Let r = -771 + v. Suppose -3*z + r = 3*m - 0*z, -5*z = -4*m + 968. Is m composite?
True
Suppose 5*r - 5*p = 31770, 0 = -2*p - 0*p - 2. Is r prime?
True
Let b = 11822 - -6957. Is b composite?
True
Let l be 4 - 6 - (-2793 - -1). Suppose -5*m - 27 = 2*h - l, h - 2211 = -4*m. Is m a composite number?
True
Suppose 3*t = -t + 3*t. Suppose t = v - 5*v + 1508. Is v a prime number?
False
Suppose 2*y - 2 = -h + 4*y, -18 = 4*h + 5*y. Let d(x) = -23*x**3 + x**2 - x - 2. Let u be d(h). Suppose -6*m = -10*m + u. Is m prime?
True
Let r = -661 + 667. Let k(i) = i**3 - 10*i**2 + 9*i - 5. Let t(g) = -g**3 + 21*g**2 - 19*g + 10. Let l(x) = 5*k(x) + 2*t(x). Is l(r) prime?
True
Suppose 4*w = -4*o + 171412, 4*o = -25*w + 26*w + 171412. Is o composite?
False
Let n be -211 - 2 - 1*2. Let s = n - -342. Is s composite?
False
Let q(r) = r**3 - r**2 - 8*r + 4. Let m be q(6). Suppose 26 - m = -2*l. Is l prime?
False
Let s(z) = z**3 + 26*z**2 + 26*z + 56. Let o be s(-25). Let q = o - -52. Is q prime?
True
Suppose 5*i - x = 1741 + 2712, 5*x - 2655 = -3*i. Let l = 12 - 10. Suppose -4*f + b + 1768 = -b, -2*f = l*b - i. Is f prime?
True
Suppose -86*v = -102*v + 31568. Is v a prime number?
True
Let j be (-1 + -3 - -6)*2. Suppose -j = -k + 4*y - 21, -103 = 3*k + y. Is (-22)/k + (-2582)/(-6) a composite number?
False
Suppose 2*i - 11 = 2*a + 7, i = -5*a + 15. Suppose 0 = -i*n - 3*n + 13117. Is n prime?
True
Let f(z) = 3972*z**2 + 5*z - 3. Is f(1) a composite number?
True
Suppose 8*k = -6 + 638. Is k a composite number?
False
Let b = -2 + 2. Suppose -3*m - 4*f = -b*m - 838, m = -3*f + 271. Suppose -2*k + 6*o - 3